n divisor of 2072862 and 396?
198
Calculate the highest common factor of 3196 and 17000.
68
Calculate the highest common divisor of 22044 and 668.
668
What is the highest common factor of 324 and 6642?
162
What is the highest common divisor of 1820 and 3094?
182
Calculate the greatest common divisor of 627 and 369303.
627
What is the highest common divisor of 465380 and 20?
20
What is the greatest common factor of 80 and 4487020?
20
What is the highest common divisor of 23450 and 2625?
175
Calculate the highest common divisor of 190554 and 13.
13
Calculate the highest common factor of 241650 and 23220.
270
Calculate the highest common factor of 459512 and 71.
71
What is the highest common divisor of 697517 and 807?
269
Calculate the highest common divisor of 15047 and 1517.
41
What is the highest common factor of 177715 and 5?
5
What is the highest common divisor of 23361 and 39?
39
Calculate the greatest common factor of 1209597 and 38.
19
Calculate the greatest common divisor of 7436 and 3042.
338
Calculate the highest common divisor of 370952 and 178.
178
Calculate the highest common divisor of 1045 and 2204.
19
What is the highest common divisor of 228280 and 439?
439
What is the greatest common divisor of 251686 and 427?
61
Calculate the greatest common factor of 1053 and 12519.
117
What is the greatest common factor of 171492 and 248?
124
What is the greatest common factor of 1023 and 221925?
33
What is the greatest common divisor of 11100 and 47508?
444
Calculate the greatest common divisor of 63 and 132636.
21
What is the highest common factor of 1620 and 35280?
180
What is the highest common divisor of 488283 and 141?
141
Calculate the highest common divisor of 689382 and 54.
18
Calculate the highest common factor of 20 and 90380.
20
Calculate the greatest common factor of 1124 and 576.
4
Calculate the highest common divisor of 15041 and 832.
13
What is the greatest common factor of 147 and 7252?
49
What is the greatest common divisor of 665 and 64600?
95
What is the highest common factor of 87218 and 2?
2
Calculate the highest common divisor of 23292 and 5976.
36
What is the highest common factor of 26440 and 310?
10
Calculate the greatest common factor of 1536 and 8736.
96
Calculate the highest common factor of 324023 and 861.
287
What is the greatest common factor of 41526 and 4?
2
What is the greatest common divisor of 297070 and 56120?
610
Calculate the greatest common factor of 7085 and 16705.
65
Calculate the greatest common divisor of 26012 and 98.
14
Calculate the greatest common divisor of 810 and 36126.
162
Calculate the greatest common factor of 1080 and 2666340.
180
What is the highest common divisor of 15575 and 132076?
623
Calculate the highest common divisor of 1440 and 36090.
90
Calculate the highest common factor of 6280 and 52.
4
Calculate the greatest common factor of 96624 and 1164.
12
Calculate the greatest common divisor of 136 and 55488.
136
Calculate the highest common divisor of 4662 and 602.
14
What is the greatest common factor of 33226 and 148?
74
What is the greatest common divisor of 655 and 160?
5
What is the highest common divisor of 2001 and 5539?
29
Calculate the highest common factor of 276 and 891204.
276
What is the greatest common divisor of 6695 and 207090?
65
Calculate the highest common divisor of 1493 and 67.
1
What is the highest common factor of 240 and 520440?
120
What is the greatest common divisor of 158426 and 226?
226
Calculate the greatest common factor of 26670 and 3990.
210
Calculate the greatest common divisor of 1208263 and 707.
707
Calculate the highest common divisor of 75 and 1793535.
15
What is the highest common divisor of 96 and 1642416?
48
What is the highest common divisor of 11078 and 3056?
382
What is the highest common divisor of 1190 and 210?
70
What is the highest common divisor of 99 and 55011?
33
Calculate the greatest common factor of 900 and 11385.
45
What is the greatest common factor of 4 and 4?
4
Calculate the highest common factor of 14 and 1132649.
7
What is the greatest common divisor of 4309 and 1112?
139
Calculate the greatest common factor of 126 and 650358.
18
Calculate the highest common factor of 127505 and 35.
35
What is the highest common factor of 12135 and 6255?
15
What is the greatest common factor of 2889 and 369?
9
What is the greatest common divisor of 122211 and 13320?
333
Calculate the greatest common divisor of 24528 and 3723.
219
What is the greatest common divisor of 4331 and 11644?
71
Calculate the greatest common divisor of 10268 and 986.
34
Calculate the greatest common factor of 1472 and 28.
4
Calculate the greatest common factor of 26726 and 2044.
14
What is the greatest common divisor of 137376 and 212?
212
What is the highest common divisor of 218 and 48832?
218
What is the greatest common divisor of 425 and 950?
25
Calculate the highest common factor of 68634 and 124.
62
Calculate the highest common factor of 59 and 241428.
59
What is the highest common factor of 40164 and 24?
12
Calculate the greatest common factor of 8500 and 20.
20
Calculate the highest common divisor of 20 and 16355.
5
Calculate the greatest common divisor of 10 and 2835110.
10
Calculate the greatest common factor of 3883 and 17699.
11
Calculate the highest common divisor of 2742833 and 2383.
2383
Calculate the greatest common factor of 71914 and 2.
2
Calculate the highest common divisor of 384 and 69.
3
What is the greatest common factor of 133440 and 4800?
960
What is the highest common divisor of 64 and 2388?
4
What is the highest common divisor of 27261 and 15?
3
Calculate the greatest common divisor of 84 and 14084.
28
What is the highest common divisor of 759 and 747109?
253
Calculate the highest common factor of 284599 and 654.
109
What is the greatest common divisor of 660 and 171270?
330
Calculate the highest common factor of 1911 and 15743.
91
What is the greatest common divisor of 3192 and 24276?
84
What is the highest common factor of 534 and 29103?
267
What is the highest common divisor of 27489 and 931?
49
What is the greatest common divisor of 806 and 767?
13
Calculate the greatest common divisor of 7134 and 12702.
174
What is the greatest common factor of 1143 and 10539?
9
Calculate the highest common divisor of 1469 and 884.
13
What is the greatest common factor of 58000 and 100?
100
What is the highest common divisor of 684 and 147402?
342
Calculate the greatest common divisor of 643 and 3382823.
643
What is the highest common divisor of 64 and 621920?
32
What is the greatest common divisor of 299 and 12961?
13
What is the greatest common factor of 83744 and 64?
32
What is the greatest common divisor of 12 and 65232?
12
What is the highest common factor of 245 and 168805?
245
Calculate the greatest common factor of 1300 and 7010900.
1300
What is the greatest common divisor of 2795 and 11610?
215
Calculate the highest common factor of 167664 and 27.
3
Calculate the greatest common factor of 151755 and 30.
15
What is the greatest common divisor of 379284 and 36?
12
Calculate the highest common factor of 160 and 292.
4
Calculate the greatest common factor of 229782 and 189.
21
Calculate the highest common divisor of 378875 and 14875.
875
Calculate the greatest common factor of 2634643 and 3723.
1241
What is the highest common factor of 14 and 247296?
14
Calculate the highest common factor of 120 and 276192.
24
What is the highest common factor of 1041 and 1629?
3
What is the highest common divisor of 4992 and 160?
32
Calculate the highest common factor of 12355 and 315.
35
Calculate the highest common factor of 1 and 55529.
1
Calculate the greatest common factor of 1497 and 48.
3
What is the greatest common factor of 32315 and 33580?
115
Calculate the greatest common divisor of 4473 and 11340.
63
Calculate the greatest common factor of 78662 and 333.
37
What is the greatest common divisor of 7313 and 3914?
103
Calculate the highest common divisor of 115 and 58351.
23
Calculate the highest common factor of 316867 and 215.
43
What is the greatest common factor of 10281 and 1863?
69
Calculate the highest common divisor of 1480 and 2681390.
370
Calculate the highest common factor of 314203 and 31027.
437
Calculate the highest common divisor of 8